lse
Let k(g) = -g**3 - 65*g**2 - 23*g + 9. Is k(-65) a multiple of 54?
False
Let i(z) = 34*z - 43. Let x(u) = -170*u + 218. Let j(y) = 11*i(y) + 2*x(y). Does 30 divide j(17)?
False
Suppose 7*b = 10*b - 138. Suppose -3*q + 1476 - 441 = 0. Suppose b*o = 41*o + q. Is o a multiple of 23?
True
Is (-4 + 48328/(-21))*-3 a multiple of 14?
True
Let m = 326 + -320. Suppose 4*i + 2*w - 1938 = 0, m*w = -i + 9*w + 474. Is 38 a factor of i?
False
Suppose 406*f + 225148 = 417*f. Is 15 a factor of f?
False
Is 61 a factor of 575171/497 - 24/(-14)?
True
Let x = 80 + 70. Let u = x + -162. Is 9 a factor of -6*(-2 + (-8)/u)*18?
True
Let h = 1774 + -1007. Let t = h + -79. Does 54 divide t?
False
Let d be 3/2*4/(-6). Let t be -4*d*6/8. Suppose t*r - r = -2*m + 34, -5*r + 50 = -2*m. Does 4 divide r?
True
Let w(v) = -35*v**3 + v**2 - 7*v + 4. Let f(p) = -p**3 + p. Let s(k) = 6*f(k) + w(k). Let b be s(2). Is 9 a factor of 24/36 + (b/(-3))/1?
True
Let c(i) = -2*i**3 - 223*i**2 + 551*i - 108. Is c(-114) even?
True
Let k(i) = -203*i - 2. Let q be k(-1). Suppose 4*y + q = 5*y. Suppose -6*n - 4*w = -8*n + 196, y = 2*n - 3*w. Is 12 a factor of n?
True
Let h = -29 - -32. Suppose 47 - 17 = h*s. Is 14 a factor of s/(-2 + 60/28)?
True
Let n be ((-15)/(-6))/(1/2). Suppose -585 = 3*o - n*o + 5*c, -3*o + 5*c = -890. Is o a multiple of 24?
False
Let n(f) = -16*f**3 - 12*f**2 - 28*f + 41. Does 31 divide n(-7)?
False
Does 17 divide (-8 + (282 - -24))*(-1 + 18)?
True
Let u = 31 + -25. Suppose 2*k - 5*p = -0*k + u, -p + 15 = 5*k. Let v(a) = 30*a - 32. Is v(k) a multiple of 15?
False
Let d(g) = 10*g**2 - 41*g + 7. Does 24 divide d(-17)?
False
Let f = -35 + 38. Suppose 4*u - 209 + 21 = 4*l, -f*l = 5*u - 235. Let a = 70 - u. Is 9 a factor of a?
False
Suppose 20 = 4*q - 4*w, q - 12 = 4*w + 5. Suppose -h - 3*t + 5 = -0*t, 2*h - t - 24 = 0. Let k = q + h. Is 12 a factor of k?
True
Let m = 1 - 2. Let g(b) = -78*b - 12789. Let k be g(-164). Does 17 divide (m + 0)*(k + -46 - -5)?
False
Suppose -3*y + 39 = -3*s, -y = 2*y + 2*s - 29. Suppose -y*j + 18*j = 14. Suppose -t = -4*h + j*t + 130, h + 2*t - 38 = 0. Does 34 divide h?
True
Suppose -19*u = -851 - 1581. Suppose -16*b + 20*b - u = 0. Is b a multiple of 8?
True
Let g = -411 + 409. Let r(d) = 120*d**2 - d - 2. Is 5 a factor of r(g)?
True
Let v(j) = -j**3 + 2*j**2 + 46*j - 5. Let c be v(-6). Is 34 a factor of (c - 21)*(0 + -17)?
True
Let f(t) = 1935*t**3 - 3*t**2 + 5*t - 3. Let l be f(1). Suppose 13*g - l + 296 = 0. Is g a multiple of 9?
True
Let v be 4*((42/12)/1 + -3). Is (307 - 1)/(-8 + 8 + v) a multiple of 9?
True
Let m(l) = -37*l**3 + 2*l**2 - 29*l + 59. Is 133 a factor of m(-7)?
False
Suppose -3*l = -5*i + 22261, -19*i - 3*l = -22*i + 13353. Does 18 divide i?
False
Suppose 19*z - z = 2142. Suppose v = -z + 371. Is 28 a factor of v?
True
Suppose -265120 = -4*k + 3*i - 83640, 2*k + 5*i = 90688. Is k a multiple of 44?
True
Suppose 0 = -9*t - 139 + 508. Let k = 193 - t. Does 4 divide k?
True
Suppose 0 = -2*h - 13*f + 10*f + 14088, -4*f - 28216 = -4*h. Is h a multiple of 50?
True
Suppose -8*x + 14*x - 5208 = 0. Suppose 2*v - x - 1224 = -2*c, 4*v - 4196 = -c. Does 30 divide v?
True
Suppose -13*y + 18*y = -a + 11486, 2290 = y - a. Is y a multiple of 41?
True
Suppose 324*g - 329*g + 12685 = 0. Is 63 a factor of g?
False
Does 3 divide (-23311)/(-6) - (-48)/(-288)?
True
Let t(z) = z**3 + 5*z**2 + 5*z - 9. Let o be t(-4). Let g = o - -16. Suppose -g*c + 42 = -2*n, 8*n - 4*n = 4*c - 52. Does 5 divide c?
False
Suppose j - 2*j = 6*j. Suppose j = 5*r - 5*m - 1915, 0*m = -2*r + m + 761. Is r a multiple of 13?
False
Let q = 392 - 370. Suppose -q*a + 26*a + 5*y - 85 = 0, -109 = -4*a + 3*y. Is 25 a factor of a?
True
Let o(q) = q**2 + 26*q + 24. Let i be o(-25). Is (9/18)/(i/(296/(-1))) a multiple of 7?
False
Let h = -76 + 89. Suppose j + 3228 = h*j. Does 15 divide j?
False
Let t(b) = -234*b + 7. Let i be t(1). Let h = -199 - i. Is h a multiple of 14?
True
Let o(y) be the third derivative of y**4 + 1032*y**2 + 1. Let q be (-18)/15*40/(-6). Is o(q) a multiple of 32?
True
Suppose 5*c - 4*c + 2*c = 0. Let v be (-4 + 3 - (-71 + 0))*1. Suppose c = -5*r + v + 80. Does 15 divide r?
True
Let x(c) = c**2 - 5*c + 4. Let t(n) = -19*n - 5*n**2 - 4 + 6*n + 5*n**3 + 9*n - 4*n**3. Let v be t(6). Is x(v) a multiple of 9?
False
Suppose 3*u = 4*h + 1465, -2*u + 2*h = 28 - 1006. Let l = 1029 - u. Is 15 a factor of l?
False
Let g(y) = 7 + 2*y - 11 - 34. Let b be g(20). Suppose -k = -6*k + 4*w + 247, 0 = 2*k + b*w - 106. Does 42 divide k?
False
Suppose -155 = r + 4*j, -3*r - 4*j = -179 + 660. Let g = 546 + r. Is g a multiple of 12?
False
Suppose 3*r - 7*r = 4*b - 92, -r - 19 = -b. Suppose -2*u + 9*u = b. Suppose u*z - 119 - 10 = 0. Is 5 a factor of z?
False
Let f = -7124 + 9956. Is f a multiple of 139?
False
Let v = -27 - -43. Suppose 4 = -3*l + v. Does 24 divide -4 - -1 - (-95 - l)?
True
Suppose 75*s - 550876 = -89*s. Does 11 divide s?
False
Let j(s) = 102*s**2 - 6*s + 10. Let g be 1*(9/2 + (-3)/(-6)). Let n(a) = -68*a**2 + 4*a - 7. Let l(w) = g*j(w) + 7*n(w). Does 15 divide l(-2)?
False
Suppose -16*d - 3 = -4867. Suppose -d + 68 = -3*s - g, -3*g = s - 92. Does 12 divide s?
False
Is 61809904/3393 + 8/(-9) a multiple of 99?
True
Suppose 3*n = -7*k + 2*k - 11686, 4*k = -3*n - 9347. Is 41 a factor of (-22)/33 - k/3?
True
Let w(r) = -r**3 - 2*r**2. Let b be w(-2). Suppose 5*s - 5*o + o = 340, s + o - 77 = b. Suppose -2*y - s = -4*y. Is 12 a factor of y?
True
Suppose 3*r = 4*f - 8*f + 4126, 5*r = 30. Does 24 divide f?
False
Let w(r) = 516*r + 1166. Is w(3) a multiple of 46?
True
Suppose -4 = -4*t - 16. Is (132 - (3 - t))*145/15 a multiple of 21?
True
Let a(h) = -h**3 + 9*h**2 - 8*h - 8. Let x be a(8). Suppose d = -5*q + 13, -4*d + 189 = 2*q + 65. Does 45 divide -1*(-52)/x*(-1 - d)?
False
Suppose 2*b + 9 = -3*s - 6, -5*s - 3*b = 25. Let h(m) = m**2 + 6*m + 3. Let p be h(s). Let x = 14 + p. Is 8 a factor of x?
False
Let k(l) = -l**3 - 10*l**2 - 8*l + 67. Let g be k(-13). Let m = g - 180. Is 6 a factor of m?
True
Let r be ((-6)/(-4))/((-11)/4 - -2). Let y(z) = -79*z**2 + 7*z + 5. Let x(l) = -40*l**2 + 4*l + 3. Let b(m) = 5*x(m) - 3*y(m). Does 25 divide b(r)?
True
Let r be ((2 - -4)/(-3))/(4/(-94)). Let i be 1450/(-12) - 5/30. Let c = r - i. Is 28 a factor of c?
True
Let d(n) = 55*n + 34. Let a be d(8). Suppose 2*i - a = 102. Is 15 a factor of i?
False
Suppose 4*l = 7*l - 90. Suppose 0 = -0*d - 2*d + l. Suppose 3*j - 144 = -4*a, -87 = -2*a + j - d. Is a a multiple of 24?
False
Let z = -4824 + 21727. Is 189 a factor of z?
False
Let l = -116 + 273. Let c = -45 + l. Is 54 a factor of c?
False
Let j be -18*(3 - (-7)/(-2)). Let i be 336/2 - 0/(-2). Suppose 5*s - j*s = -i. Does 21 divide s?
True
Suppose 3*y + 3*q = 3, 5*q - 19 + 18 = -4*y. Does 10 divide (26 - -2)/y + 193?
True
Let g = 7635 - 7275. Does 6 divide g?
True
Suppose -175*b = -197*b + 118932. Is b a multiple of 159?
True
Let y(s) = 7*s - 24. Let a(b) = 8*b - 25. Let u(l) = -4*a(l) + 5*y(l). Let q be u(9). Is 99 + q/(35/(-10)) a multiple of 31?
False
Suppose 55 - 70 = -5*z. Suppose 5*d - z*s = d + 1109, -2*d + 535 = 5*s. Is 55 a factor of d?
True
Let a(n) = -15*n + 169 - 118 - n. Is 15 a factor of a(-7)?
False
Let g = 178 - 172. Suppose 0 = g*a - 10*a + 108. Is a a multiple of 2?
False
Let b = 13 + -16. Let t be (b/(-1))/((-3)/(-5)). Does 24 divide 345/t + 2 + 1?
True
Suppose -4*l = -65 + 45. Suppose 145 = l*g - 60. Let d = g - 25. Is d a multiple of 4?
True
Suppose 211 = t - 2*q, -t + 3*q + 205 = -q. Let l = -204 + t. Is l a multiple of 3?
False
Let i(t) = 13*t**2 - t - 2. Let j be (24 - -4)/4 - 5. Is 6 a factor of i(j)?
True
Suppose -5*r + 2*r + 124360 = 15784. Does 96 divide r?
True
Suppose -4*f = a - 4*a + 18, 0 = a - 4*f - 14. Let u be (-11 + 11)/(-2 - a). Suppose -2*i + 6 = u, -2*p = -3*p - i + 21. Does 4 divide p?
False
Suppose 8*z + 12 = 60. Let r(x) = -10*x + 7. Let i be r(z). Is 6 a factor of (1 - i)/(10/((-80)/(-12)))?
True
Suppose -15*g + 2622 = -10*g - 6*s, 2*g = 5*s + 1041. Is 132 a factor of g?
True
Let s(c) = -6*c**2 - 83*c - 37. Let h(x) = -7*x**2 - 82*x - 35. Let v(o) = 4*h(o) - 5*s(o). Is v(-43) even?
True
Let w(h) = -h**2 + 9*h + 13. Let j be w(10). Suppose -v - 3 = 0, j*o + 2*v - 1 = 146. Suppose -133 = -s - 